{"id":8823,"date":"2025-10-29T16:17:19","date_gmt":"2025-10-29T13:17:19","guid":{"rendered":"https:\/\/valmista.com\/home\/?page_id=8823"},"modified":"2025-11-05T23:22:30","modified_gmt":"2025-11-05T20:22:30","slug":"stripe-maksujen-kayttoonotto-valmistan-kanssa","status":"publish","type":"page","link":"https:\/\/valmista.com\/home\/fi\/stripe-maksujen-kayttoonotto-valmistan-kanssa\/","title":{"rendered":"Stripe-maksujen k\u00e4ytt\u00f6\u00f6notto Valmistan kanssa"},"content":{"rendered":"\t\t<div data-elementor-type=\"wp-page\" data-elementor-id=\"8823\" class=\"elementor elementor-8823\" data-elementor-post-type=\"page\">\n\t\t\t\t<div class=\"elementor-element elementor-element-cc5f191 e-con-full e-flex e-con e-parent\" data-id=\"cc5f191\" data-element_type=\"container\">\n\t\t\t\t<div class=\"elementor-element elementor-element-41bbcd4 elementor-widget elementor-widget-image\" data-id=\"41bbcd4\" data-element_type=\"widget\" data-widget_type=\"image.default\">\n\t\t\t\t\t\t\t\t\t\t\t\t\t\t\t<img decoding=\"async\" src=\"https:\/\/valmista.com\/home\/wp-content\/uploads\/elementor\/thumbs\/beyourownboss-rdoa3eebgc2ddlakw0qebpgvyiee4gdi3xipgf5z74.png\" title=\"beyourownboss\" alt=\"beyourownboss\" loading=\"lazy\" \/>\t\t\t\t\t\t\t\t\t\t\t\t\t\t\t<\/div>\n\t\t\t\t<\/div>\n\t\t<div class=\"elementor-element elementor-element-2f6d36e e-grid e-con-full e-con e-parent\" data-id=\"2f6d36e\" data-element_type=\"container\">\n\t\t\t\t<div class=\"elementor-element elementor-element-b4e30ae elementor-widget elementor-widget-heading\" data-id=\"b4e30ae\" data-element_type=\"widget\" data-widget_type=\"heading.default\">\n\t\t\t\t\t<h1 class=\"elementor-heading-title elementor-size-default\">Stripen maksujen k\u00e4ytt\u00f6\u00f6notto Valmistan kanssa<\/h1>\t\t\t\t<\/div>\n\t\t\t\t<div class=\"elementor-element elementor-element-f86000c elementor-widget elementor-widget-heading\" data-id=\"f86000c\" data-element_type=\"widget\" data-widget_type=\"heading.default\">\n\t\t\t\t\t<h4 class=\"elementor-heading-title elementor-size-default\"><h2 data-elementor-setting-key=\"title\" data-pen-placeholder=\"Type Here...\" style=\"line-height: 24px;font-size: 16px;font-weight: 600;letter-spacing: normal\"><span style=\"--Ys-XuQ: none;font-weight: 400\">Valmista tekee yhteisty\u00f6t\u00e4 Stripen kanssa tarjotakseen palveluntarjoajille nopeat, turvalliset ja l\u00e4pin\u00e4kyv\u00e4t maksut.<\/span><\/h2><\/h4>\t\t\t\t<\/div>\n\t\t\t\t<div class=\"elementor-element elementor-element-3a7e14e elementor-align-center elementor-widget elementor-widget-button\" data-id=\"3a7e14e\" data-element_type=\"widget\" data-widget_type=\"button.default\">\n\t\t\t\t\t\t\t\t\t\t<a class=\"elementor-button elementor-button-link elementor-size-sm\" href=\"https:\/\/stripe.com\/en-ee\/connect\">\n\t\t\t\t\t\t<span class=\"elementor-button-content-wrapper\">\n\t\t\t\t\t\t\t\t\t<span class=\"elementor-button-text\">Yhdist\u00e4 Stripe-tili<\/span>\n\t\t\t\t\t<\/span>\n\t\t\t\t\t<\/a>\n\t\t\t\t\t\t\t\t<\/div>\n\t\t\t\t<\/div>\n\t\t<div class=\"elementor-element elementor-element-aa42a93 e-con-full e-flex e-con e-parent\" data-id=\"aa42a93\" data-element_type=\"container\">\n\t\t\t\t<div class=\"elementor-element elementor-element-e104f10 elementor-widget elementor-widget-heading\" data-id=\"e104f10\" data-element_type=\"widget\" data-widget_type=\"heading.default\">\n\t\t\t\t\t<h2 class=\"elementor-heading-title elementor-size-default\">Miksi Valmista k\u00e4ytt\u00e4\u00e4 Stripea<\/h2>\t\t\t\t<\/div>\n\t\t\t\t<\/div>\n\t\t<div class=\"elementor-element elementor-element-fb72cdd e-con-full e-flex e-con e-parent\" data-id=\"fb72cdd\" data-element_type=\"container\">\n\t\t\t\t<div class=\"elementor-element elementor-element-992a011 elementor-widget__width-initial elementor-widget elementor-widget-heading\" data-id=\"992a011\" data-element_type=\"widget\" data-widget_type=\"heading.default\">\n\t\t\t\t\t<h4 class=\"elementor-heading-title elementor-size-default\">Stripe on luotettava kansainv\u00e4linen maksualusta, jota k\u00e4ytt\u00e4v\u00e4t miljoonat yritykset ymp\u00e4ri maailmaa.\n\n Stripen kautta maksut ovat suojattuja, tulot siirtyv\u00e4t turvallisesti pankkitilillesi, ja kaikki tapahtumat ovat t\u00e4ysin l\u00e4pin\u00e4kyvi\u00e4.<\/h4>\t\t\t\t<\/div>\n\t\t\t\t<\/div>\n\t\t<div class=\"elementor-element elementor-element-1019f1f e-flex e-con-boxed e-con e-parent\" data-id=\"1019f1f\" data-element_type=\"container\">\n\t\t\t\t\t<div class=\"e-con-inner\">\n\t\t<div class=\"elementor-element elementor-element-2bba586 e-con-full e-flex e-con e-child\" data-id=\"2bba586\" data-element_type=\"container\">\n\t\t\t\t<div class=\"elementor-element elementor-element-c2816ff elementor-widget elementor-widget-image\" data-id=\"c2816ff\" data-element_type=\"widget\" data-widget_type=\"image.default\">\n\t\t\t\t\t\t\t\t\t\t\t\t\t\t\t<img fetchpriority=\"high\" decoding=\"async\" width=\"800\" height=\"800\" src=\"https:\/\/valmista.com\/home\/wp-content\/uploads\/2025\/10\/deliveryservices.png\" class=\"attachment-large size-large wp-image-8710\" alt=\"\" srcset=\"https:\/\/valmista.com\/home\/wp-content\/uploads\/2025\/10\/deliveryservices.png 1024w, https:\/\/valmista.com\/home\/wp-content\/uploads\/2025\/10\/deliveryservices-300x300.png 300w, https:\/\/valmista.com\/home\/wp-content\/uploads\/2025\/10\/deliveryservices-150x150.png 150w, https:\/\/valmista.com\/home\/wp-content\/uploads\/2025\/10\/deliveryservices-768x768.png 768w\" sizes=\"(max-width: 800px) 100vw, 800px\" \/>\t\t\t\t\t\t\t\t\t\t\t\t\t\t\t<\/div>\n\t\t\t\t<\/div>\n\t\t<div class=\"elementor-element elementor-element-3bd0dba e-con-full e-flex e-con e-child\" data-id=\"3bd0dba\" data-element_type=\"container\">\n\t\t<div class=\"elementor-element elementor-element-9dca6cc e-con-full e-flex e-con e-child\" data-id=\"9dca6cc\" data-element_type=\"container\">\n\t\t\t\t<div class=\"elementor-element elementor-element-c3f184c elementor-widget elementor-widget-heading\" data-id=\"c3f184c\" data-element_type=\"widget\" data-widget_type=\"heading.default\">\n\t\t\t\t\t<h2 class=\"elementor-heading-title elementor-size-default\">N\u00e4in maksut toimivat Stripen kautta:<\/h2>\t\t\t\t<\/div>\n\t\t\t\t<\/div>\n\t\t<div class=\"elementor-element elementor-element-2077b8f e-con-full e-flex e-con e-child\" data-id=\"2077b8f\" data-element_type=\"container\">\n\t\t\t\t<div class=\"elementor-element elementor-element-b3f8daa elementor-widget elementor-widget-text-editor\" data-id=\"b3f8daa\" data-element_type=\"widget\" data-widget_type=\"text-editor.default\">\n\t\t\t\t\t\t\t\t\t<ol><li><h4>Yhdist\u00e4 tilisi \u2014 liit\u00e4 Valmista-palveluntarjoajaprofiilisi Stripe Expressiin.<\/h4><\/li><li><h4>Vahvista tietosi \u2014 tunnistaudu ja vahvista pankkitietosi turvallisesti Stripen kautta.<\/h4><\/li><li><h4>Saa maksut \u2014 tulosi siirret\u00e4\u00e4n automaattisesti valitsemallesi pankkitilille, kun palvelu on suoritettu.<\/h4><\/li><\/ol>\t\t\t\t\t\t\t\t<\/div>\n\t\t\t\t<\/div>\n\t\t\t\t<\/div>\n\t\t\t\t\t<\/div>\n\t\t\t\t<\/div>\n\t\t<div class=\"elementor-element elementor-element-f8aa865 e-flex e-con-boxed e-con e-parent\" data-id=\"f8aa865\" data-element_type=\"container\">\n\t\t\t\t\t<div class=\"e-con-inner\">\n\t\t<div class=\"elementor-element elementor-element-fc115ad e-con-full e-flex e-con e-child\" data-id=\"fc115ad\" data-element_type=\"container\">\n\t\t\t\t<div class=\"elementor-element elementor-element-5c3b00b elementor-widget elementor-widget-image\" data-id=\"5c3b00b\" data-element_type=\"widget\" data-widget_type=\"image.default\">\n\t\t\t\t\t\t\t\t\t\t\t\t\t\t\t<img decoding=\"async\" width=\"800\" height=\"800\" src=\"https:\/\/valmista.com\/home\/wp-content\/uploads\/2025\/10\/stripeaccountmanagement.png\" class=\"attachment-large size-large wp-image-8711\" alt=\"\" srcset=\"https:\/\/valmista.com\/home\/wp-content\/uploads\/2025\/10\/stripeaccountmanagement.png 1024w, https:\/\/valmista.com\/home\/wp-content\/uploads\/2025\/10\/stripeaccountmanagement-300x300.png 300w, https:\/\/valmista.com\/home\/wp-content\/uploads\/2025\/10\/stripeaccountmanagement-150x150.png 150w, https:\/\/valmista.com\/home\/wp-content\/uploads\/2025\/10\/stripeaccountmanagement-768x768.png 768w\" sizes=\"(max-width: 800px) 100vw, 800px\" \/>\t\t\t\t\t\t\t\t\t\t\t\t\t\t\t<\/div>\n\t\t\t\t<\/div>\n\t\t<div class=\"elementor-element elementor-element-82a95a4 e-con-full e-flex e-con e-child\" data-id=\"82a95a4\" data-element_type=\"container\">\n\t\t<div class=\"elementor-element elementor-element-3f8637c e-con-full e-flex e-con e-child\" data-id=\"3f8637c\" data-element_type=\"container\">\n\t\t\t\t<div class=\"elementor-element elementor-element-995b204 elementor-widget elementor-widget-heading\" data-id=\"995b204\" data-element_type=\"widget\" data-widget_type=\"heading.default\">\n\t\t\t\t\t<h2 class=\"elementor-heading-title elementor-size-default\">Hallinnoi Stripe-tili\u00e4si<\/h2>\t\t\t\t<\/div>\n\t\t\t\t<\/div>\n\t\t<div class=\"elementor-element elementor-element-01c8414 e-con-full e-flex e-con e-child\" data-id=\"01c8414\" data-element_type=\"container\">\n\t\t\t\t<div class=\"elementor-element elementor-element-a2e1a07 elementor-widget elementor-widget-text-editor\" data-id=\"a2e1a07\" data-element_type=\"widget\" data-widget_type=\"text-editor.default\">\n\t\t\t\t\t\t\t\t\t<h4 class=\"cvGsUA direction-ltr align-justify para-style-body\"><span class=\"a_GcMg font-feature-liga-off font-feature-clig-off font-feature-calt-off text-decoration-none text-strikethrough-none\">\u00a0 \u00a0 Voit kirjautua Stripe-hallintapaneeliin milloin tahansa ja:<\/span><\/h4><ul><li><h4>N\u00e4hd\u00e4 saldosi ja maksuajot<\/h4><\/li><li><h4>P\u00e4ivitt\u00e4\u00e4 pankkitietosi<\/h4><\/li><li><h4>Seurata maksutapahtumiesi historiaa<\/h4><\/li><\/ul>\t\t\t\t\t\t\t\t<\/div>\n\t\t\t\t<\/div>\n\t\t\t\t<\/div>\n\t\t\t\t\t<\/div>\n\t\t\t\t<\/div>\n\t\t<div class=\"elementor-element elementor-element-bb92b95 e-flex e-con-boxed e-con e-parent\" data-id=\"bb92b95\" data-element_type=\"container\">\n\t\t\t\t\t<div class=\"e-con-inner\">\n\t\t\t\t<div class=\"elementor-element elementor-element-aae90e9 elementor-widget elementor-widget-text-editor\" data-id=\"aae90e9\" data-element_type=\"widget\" data-widget_type=\"text-editor.default\">\n\t\t\t\t\t\t\t\t\t<h4>Jos sinulla on kysytt\u00e4v\u00e4\u00e4 Stripen k\u00e4yt\u00f6st\u00e4 tai yhdist\u00e4misest\u00e4, l\u00f6yd\u00e4t lis\u00e4tietoa <a href=\"https:\/\/support.stripe.com\/express\/topics\/account\">Stripen tukikeskuksesta<\/a> tai ota yhteytt\u00e4 osoitteeseen <strong data-start=\"2414\" data-end=\"2435\"><a class=\"decorated-link cursor-pointer\" rel=\"noopener\" data-start=\"2416\" data-end=\"2433\">info@valmista.com<\/a><\/strong> \u2013 autamme mielell\u00e4mme!<\/h4>\t\t\t\t\t\t\t\t<\/div>\n\t\t\t\t\t<\/div>\n\t\t\t\t<\/div>\n\t\t\t\t<\/div>\n\t\t","protected":false},"excerpt":{"rendered":"<p>Stripen maksujen k\u00e4ytt\u00f6\u00f6notto Valmistan kanssa Valmista tekee yhteisty\u00f6t\u00e4 Stripen kanssa tarjotakseen palveluntarjoajille nopeat, turvalliset ja l\u00e4pin\u00e4kyv\u00e4t maksut. Yhdist\u00e4 Stripe-tili Miksi Valmista k\u00e4ytt\u00e4\u00e4 Stripea Stripe on luotettava kansainv\u00e4linen maksualusta, jota k\u00e4ytt\u00e4v\u00e4t miljoonat yritykset ymp\u00e4ri maailmaa. Stripen kautta maksut ovat suojattuja, tulot siirtyv\u00e4t turvallisesti pankkitilillesi, ja kaikki tapahtumat ovat t\u00e4ysin l\u00e4pin\u00e4kyvi\u00e4. N\u00e4in maksut toimivat Stripen kautta: Yhdist\u00e4 [&hellip;]<\/p>\n","protected":false},"author":2,"featured_media":0,"parent":0,"menu_order":0,"comment_status":"closed","ping_status":"closed","template":"","meta":{"om_disable_all_campaigns":false,"_monsterinsights_skip_tracking":false,"_monsterinsights_sitenote_active":false,"_monsterinsights_sitenote_note":"","_monsterinsights_sitenote_category":0,"footnotes":""},"folder":[455],"class_list":["post-8823","page","type-page","status-publish","hentry"],"aioseo_notices":[],"yoast_head":"<!-- This site is optimized with the Yoast SEO Premium plugin v26.5 (Yoast SEO v26.5) - https:\/\/yoast.com\/wordpress\/plugins\/seo\/ -->\n<title>Stripe-maksujen k\u00e4ytt\u00f6\u00f6notto Valmistan kanssa - Valmista<\/title>\n<meta name=\"description\" content=\"Discover how to integrate Stripe payment setup in Valmista for seamless transactions and efficient payment processing.\" \/>\n<meta name=\"robots\" content=\"index, follow, max-snippet:-1, max-image-preview:large, max-video-preview:-1\" \/>\n<link rel=\"canonical\" href=\"https:\/\/valmista.com\/home\/fi\/stripe-maksujen-kayttoonotto-valmistan-kanssa\/\" \/>\n<meta property=\"og:locale\" content=\"en_US\" \/>\n<meta property=\"og:type\" content=\"article\" \/>\n<meta property=\"og:title\" content=\"Stripe-maksujen k\u00e4ytt\u00f6\u00f6notto Valmistan kanssa\" \/>\n<meta property=\"og:description\" content=\"Discover how to integrate Stripe payment setup in Valmista for seamless transactions and efficient payment processing.\" \/>\n<meta property=\"og:url\" content=\"https:\/\/valmista.com\/home\/fi\/stripe-maksujen-kayttoonotto-valmistan-kanssa\/\" \/>\n<meta property=\"og:site_name\" content=\"Valmista\" \/>\n<meta property=\"article:publisher\" content=\"https:\/\/www.facebook.com\/profile.php?id=100083941703780\" \/>\n<meta property=\"article:modified_time\" content=\"2025-11-05T20:22:30+00:00\" \/>\n<meta property=\"og:image\" content=\"https:\/\/valmista.com\/home\/wp-content\/uploads\/elementor\/thumbs\/beyourownboss-rdoa3eebgc2ddlakw0qebpgvyiee4gdi3xipgf5z74.png\" \/>\n<meta name=\"twitter:card\" content=\"summary_large_image\" \/>\n<meta name=\"twitter:label1\" content=\"Est. reading time\" \/>\n\t<meta name=\"twitter:data1\" content=\"1 minute\" \/>\n<script type=\"application\/ld+json\" class=\"yoast-schema-graph\">{\"@context\":\"https:\/\/schema.org\",\"@graph\":[{\"@type\":\"WebPage\",\"@id\":\"https:\/\/valmista.com\/home\/fi\/stripe-maksujen-kayttoonotto-valmistan-kanssa\/\",\"url\":\"https:\/\/valmista.com\/home\/fi\/stripe-maksujen-kayttoonotto-valmistan-kanssa\/\",\"name\":\"Stripe-maksujen k\u00e4ytt\u00f6\u00f6notto Valmistan kanssa - Valmista\",\"isPartOf\":{\"@id\":\"https:\/\/valmista.com\/home\/#website\"},\"primaryImageOfPage\":{\"@id\":\"https:\/\/valmista.com\/home\/fi\/stripe-maksujen-kayttoonotto-valmistan-kanssa\/#primaryimage\"},\"image\":{\"@id\":\"https:\/\/valmista.com\/home\/fi\/stripe-maksujen-kayttoonotto-valmistan-kanssa\/#primaryimage\"},\"thumbnailUrl\":\"https:\/\/valmista.com\/home\/wp-content\/uploads\/elementor\/thumbs\/beyourownboss-rdoa3eebgc2ddlakw0qebpgvyiee4gdi3xipgf5z74.png\",\"datePublished\":\"2025-10-29T13:17:19+00:00\",\"dateModified\":\"2025-11-05T20:22:30+00:00\",\"description\":\"Discover how to integrate Stripe payment setup in Valmista for seamless transactions and efficient payment processing.\",\"breadcrumb\":{\"@id\":\"https:\/\/valmista.com\/home\/fi\/stripe-maksujen-kayttoonotto-valmistan-kanssa\/#breadcrumb\"},\"inLanguage\":\"en-US\",\"potentialAction\":[{\"@type\":\"ReadAction\",\"target\":[\"https:\/\/valmista.com\/home\/fi\/stripe-maksujen-kayttoonotto-valmistan-kanssa\/\"]}]},{\"@type\":\"ImageObject\",\"inLanguage\":\"en-US\",\"@id\":\"https:\/\/valmista.com\/home\/fi\/stripe-maksujen-kayttoonotto-valmistan-kanssa\/#primaryimage\",\"url\":\"https:\/\/valmista.com\/home\/wp-content\/uploads\/elementor\/thumbs\/beyourownboss-rdoa3eebgc2ddlakw0qebpgvyiee4gdi3xipgf5z74.png\",\"contentUrl\":\"https:\/\/valmista.com\/home\/wp-content\/uploads\/elementor\/thumbs\/beyourownboss-rdoa3eebgc2ddlakw0qebpgvyiee4gdi3xipgf5z74.png\"},{\"@type\":\"BreadcrumbList\",\"@id\":\"https:\/\/valmista.com\/home\/fi\/stripe-maksujen-kayttoonotto-valmistan-kanssa\/#breadcrumb\",\"itemListElement\":[{\"@type\":\"ListItem\",\"position\":1,\"name\":\"Home\",\"item\":\"https:\/\/valmista.com\/home\/\"},{\"@type\":\"ListItem\",\"position\":2,\"name\":\"Stripe-maksujen k\u00e4ytt\u00f6\u00f6notto Valmistan kanssa\"}]},{\"@type\":\"WebSite\",\"@id\":\"https:\/\/valmista.com\/home\/#website\",\"url\":\"https:\/\/valmista.com\/home\/\",\"name\":\"Valmista\",\"description\":\"Get It Done\",\"publisher\":{\"@id\":\"https:\/\/valmista.com\/home\/#organization\"},\"alternateName\":\"Valmista - Get It Done\",\"potentialAction\":[{\"@type\":\"SearchAction\",\"target\":{\"@type\":\"EntryPoint\",\"urlTemplate\":\"https:\/\/valmista.com\/home\/?s={search_term_string}\"},\"query-input\":{\"@type\":\"PropertyValueSpecification\",\"valueRequired\":true,\"valueName\":\"search_term_string\"}}],\"inLanguage\":\"en-US\"},{\"@type\":\"Organization\",\"@id\":\"https:\/\/valmista.com\/home\/#organization\",\"name\":\"Valmista\",\"url\":\"https:\/\/valmista.com\/home\/\",\"logo\":{\"@type\":\"ImageObject\",\"inLanguage\":\"en-US\",\"@id\":\"https:\/\/valmista.com\/home\/#\/schema\/logo\/image\/\",\"url\":\"https:\/\/valmista.com\/home\/wp-content\/uploads\/2025\/09\/Valmista-full-1.png\",\"contentUrl\":\"https:\/\/valmista.com\/home\/wp-content\/uploads\/2025\/09\/Valmista-full-1.png\",\"width\":356,\"height\":95,\"caption\":\"Valmista\"},\"image\":{\"@id\":\"https:\/\/valmista.com\/home\/#\/schema\/logo\/image\/\"},\"sameAs\":[\"https:\/\/www.facebook.com\/profile.php?id=100083941703780\",\"https:\/\/www.youtube.com\/channel\/UCEY_gnH3J8OCXzC60rfCVLw\",\"https:\/\/www.linkedin.com\/company\/valmista\/?viewAsMember=true\",\"https:\/\/www.instagram.com\/valmista_com\/\",\"https:\/\/www.tiktok.com\/@valmista.com?lang=en\"]}]}<\/script>\n<!-- \/ Yoast SEO Premium plugin. -->","yoast_head_json":{"title":"Stripe-maksujen k\u00e4ytt\u00f6\u00f6notto Valmistan kanssa - Valmista","description":"Discover how to integrate Stripe payment setup in Valmista for seamless transactions and efficient payment processing.","robots":{"index":"index","follow":"follow","max-snippet":"max-snippet:-1","max-image-preview":"max-image-preview:large","max-video-preview":"max-video-preview:-1"},"canonical":"https:\/\/valmista.com\/home\/fi\/stripe-maksujen-kayttoonotto-valmistan-kanssa\/","og_locale":"en_US","og_type":"article","og_title":"Stripe-maksujen k\u00e4ytt\u00f6\u00f6notto Valmistan kanssa","og_description":"Discover how to integrate Stripe payment setup in Valmista for seamless transactions and efficient payment processing.","og_url":"https:\/\/valmista.com\/home\/fi\/stripe-maksujen-kayttoonotto-valmistan-kanssa\/","og_site_name":"Valmista","article_publisher":"https:\/\/www.facebook.com\/profile.php?id=100083941703780","article_modified_time":"2025-11-05T20:22:30+00:00","og_image":[{"url":"https:\/\/valmista.com\/home\/wp-content\/uploads\/elementor\/thumbs\/beyourownboss-rdoa3eebgc2ddlakw0qebpgvyiee4gdi3xipgf5z74.png","type":"","width":"","height":""}],"twitter_card":"summary_large_image","twitter_misc":{"Est. reading time":"1 minute"},"schema":{"@context":"https:\/\/schema.org","@graph":[{"@type":"WebPage","@id":"https:\/\/valmista.com\/home\/fi\/stripe-maksujen-kayttoonotto-valmistan-kanssa\/","url":"https:\/\/valmista.com\/home\/fi\/stripe-maksujen-kayttoonotto-valmistan-kanssa\/","name":"Stripe-maksujen k\u00e4ytt\u00f6\u00f6notto Valmistan kanssa - Valmista","isPartOf":{"@id":"https:\/\/valmista.com\/home\/#website"},"primaryImageOfPage":{"@id":"https:\/\/valmista.com\/home\/fi\/stripe-maksujen-kayttoonotto-valmistan-kanssa\/#primaryimage"},"image":{"@id":"https:\/\/valmista.com\/home\/fi\/stripe-maksujen-kayttoonotto-valmistan-kanssa\/#primaryimage"},"thumbnailUrl":"https:\/\/valmista.com\/home\/wp-content\/uploads\/elementor\/thumbs\/beyourownboss-rdoa3eebgc2ddlakw0qebpgvyiee4gdi3xipgf5z74.png","datePublished":"2025-10-29T13:17:19+00:00","dateModified":"2025-11-05T20:22:30+00:00","description":"Discover how to integrate Stripe payment setup in Valmista for seamless transactions and efficient payment processing.","breadcrumb":{"@id":"https:\/\/valmista.com\/home\/fi\/stripe-maksujen-kayttoonotto-valmistan-kanssa\/#breadcrumb"},"inLanguage":"en-US","potentialAction":[{"@type":"ReadAction","target":["https:\/\/valmista.com\/home\/fi\/stripe-maksujen-kayttoonotto-valmistan-kanssa\/"]}]},{"@type":"ImageObject","inLanguage":"en-US","@id":"https:\/\/valmista.com\/home\/fi\/stripe-maksujen-kayttoonotto-valmistan-kanssa\/#primaryimage","url":"https:\/\/valmista.com\/home\/wp-content\/uploads\/elementor\/thumbs\/beyourownboss-rdoa3eebgc2ddlakw0qebpgvyiee4gdi3xipgf5z74.png","contentUrl":"https:\/\/valmista.com\/home\/wp-content\/uploads\/elementor\/thumbs\/beyourownboss-rdoa3eebgc2ddlakw0qebpgvyiee4gdi3xipgf5z74.png"},{"@type":"BreadcrumbList","@id":"https:\/\/valmista.com\/home\/fi\/stripe-maksujen-kayttoonotto-valmistan-kanssa\/#breadcrumb","itemListElement":[{"@type":"ListItem","position":1,"name":"Home","item":"https:\/\/valmista.com\/home\/"},{"@type":"ListItem","position":2,"name":"Stripe-maksujen k\u00e4ytt\u00f6\u00f6notto Valmistan kanssa"}]},{"@type":"WebSite","@id":"https:\/\/valmista.com\/home\/#website","url":"https:\/\/valmista.com\/home\/","name":"Valmista","description":"Get It Done","publisher":{"@id":"https:\/\/valmista.com\/home\/#organization"},"alternateName":"Valmista - Get It Done","potentialAction":[{"@type":"SearchAction","target":{"@type":"EntryPoint","urlTemplate":"https:\/\/valmista.com\/home\/?s={search_term_string}"},"query-input":{"@type":"PropertyValueSpecification","valueRequired":true,"valueName":"search_term_string"}}],"inLanguage":"en-US"},{"@type":"Organization","@id":"https:\/\/valmista.com\/home\/#organization","name":"Valmista","url":"https:\/\/valmista.com\/home\/","logo":{"@type":"ImageObject","inLanguage":"en-US","@id":"https:\/\/valmista.com\/home\/#\/schema\/logo\/image\/","url":"https:\/\/valmista.com\/home\/wp-content\/uploads\/2025\/09\/Valmista-full-1.png","contentUrl":"https:\/\/valmista.com\/home\/wp-content\/uploads\/2025\/09\/Valmista-full-1.png","width":356,"height":95,"caption":"Valmista"},"image":{"@id":"https:\/\/valmista.com\/home\/#\/schema\/logo\/image\/"},"sameAs":["https:\/\/www.facebook.com\/profile.php?id=100083941703780","https:\/\/www.youtube.com\/channel\/UCEY_gnH3J8OCXzC60rfCVLw","https:\/\/www.linkedin.com\/company\/valmista\/?viewAsMember=true","https:\/\/www.instagram.com\/valmista_com\/","https:\/\/www.tiktok.com\/@valmista.com?lang=en"]}]}},"_links":{"self":[{"href":"https:\/\/valmista.com\/home\/wp-json\/wp\/v2\/pages\/8823","targetHints":{"allow":["GET"]}}],"collection":[{"href":"https:\/\/valmista.com\/home\/wp-json\/wp\/v2\/pages"}],"about":[{"href":"https:\/\/valmista.com\/home\/wp-json\/wp\/v2\/types\/page"}],"author":[{"embeddable":true,"href":"https:\/\/valmista.com\/home\/wp-json\/wp\/v2\/users\/2"}],"replies":[{"embeddable":true,"href":"https:\/\/valmista.com\/home\/wp-json\/wp\/v2\/comments?post=8823"}],"version-history":[{"count":4,"href":"https:\/\/valmista.com\/home\/wp-json\/wp\/v2\/pages\/8823\/revisions"}],"predecessor-version":[{"id":8829,"href":"https:\/\/valmista.com\/home\/wp-json\/wp\/v2\/pages\/8823\/revisions\/8829"}],"wp:attachment":[{"href":"https:\/\/valmista.com\/home\/wp-json\/wp\/v2\/media?parent=8823"}],"wp:term":[{"taxonomy":"folder","embeddable":true,"href":"https:\/\/valmista.com\/home\/wp-json\/wp\/v2\/folder?post=8823"}],"curies":[{"name":"wp","href":"https:\/\/api.w.org\/{rel}","templated":true}]}}